What is the units digit of f(d)?
4
What is the units digit of 1060/16 - (3/(-4) + 1)?
6
What is the units digit of ((-168)/(-60))/((-148)/150 + 1)?
0
Let a be -15*(1 + (-2)/6). Let r = 15 + a. Suppose -n = r*x - 1 - 12, 4*n - 4*x = 28. What is the units digit of n?
8
Let j(x) = -2*x**2 - 10*x + 3. Let o be j(-5). What is the units digit of o*2*(-8 + 11)?
8
Suppose 3*u - 4*u = 4. Suppose -f - 15 = 2*f. Let y = u - f. What is the units digit of y?
1
Let k(d) = d + 4. Let y be k(-6). Let t(z) = 4 + 4*z**2 - 2 + 3*z + 0*z. What is the tens digit of t(y)?
1
Suppose -2*v - 1 + 11 = 0. Let r(y) = -y**2 + y + 1. Let t(g) = -g**3 + 9*g**2 + 2*g - 7. Let i(w) = 5*r(w) + t(w). What is the units digit of i(v)?
8
Let a be 9/((-21)/(-12) - 1). Let d = 16 + -9. Suppose 2*z - d = 2*k + 3, 4*z = -4*k + a. What is the units digit of z?
4
Let y(t) = t - 14. Let s be y(6). Let i = s + 16. What is the units digit of i?
8
Let z = 2 + -1. What is the units digit of 1 + -2 - z - -4?
2
Let i be (21/(-12))/(1/(-16)). Suppose 0 = 4*t - i - 108. What is the units digit of t?
4
Let k = -144 + 248. What is the tens digit of k?
0
Let p(a) = a + 12. Let i be p(-9). Suppose -1 + i = 2*b. Suppose q = b + 4. What is the units digit of q?
5
Let b(u) be the second derivative of u**4/12 + 2*u**3/3 - 3*u**2/2 + 2*u. What is the units digit of b(-7)?
8
Let q(i) = -i**2 + 50. What is the tens digit of q(0)?
5
Suppose -3*b + 37 - 13 = 0. Let d be 2/b - 198/(-8). Suppose 10*z - 5*z = d. What is the units digit of z?
5
Let k = 46 + -21. What is the units digit of k?
5
What is the units digit of (0 - -1) + -3 - -9?
7
Suppose 5*b + 4 - 14 = 0. Suppose 6*i = 4*i + b. Suppose a - 4 = i. What is the units digit of a?
5
Suppose 4*d - 3*r + 3 = 6, -5*d = 4*r - 27. Suppose 5*m - 79 = 4*o, -m + d*o - 2*o = -16. What is the units digit of m?
5
Let y be (-3)/2*40/(-15). Let q be (-12)/(-66) - 40/(-22). Suppose -q*m = -y*r, 2*r - 3*r - 21 = -4*m. What is the units digit of m?
6
Let j(i) = i**2 + 9*i - 5. Let k be j(-9). Let s = k - -7. Suppose 0 = n - s*n + 8. What is the units digit of n?
8
Suppose 3*l + 3*b = b + 9, 0 = 3*l - 4*b - 27. Let u(r) = r + 6. Let j be u(-7). Let g = j + l. What is the units digit of g?
4
Suppose -6*l + 5*l + 32 = 0. What is the units digit of l?
2
Let n(a) = -a**3 + 9*a**2 - a + 12. Suppose 2 = -2*t + 6. Let q = 7 + t. What is the units digit of n(q)?
3
Let h(b) = b**2 - 3*b - 1. Let k be h(3). Let n(t) = -5*t - 1 - t - 8*t. What is the tens digit of n(k)?
1
Let f be (-1 - 4)/((-5)/105). What is the units digit of 1/3 + f/9?
2
Suppose 2*r - 3*k + 15 = -3*r, 0 = r - k + 5. Suppose r = 4*a + a. What is the units digit of a/2 - -1*10?
0
Let u(p) = p - 2. Let o be u(-6). Let r be (-2 + 2 - o) + -1. Suppose -2*s + r + 11 = 0. What is the units digit of s?
9
Let o = 2 - 4. Let h(r) = -2 - 475*r**2 - 2*r + 4*r - 2*r**3 + 477*r**2. What is the units digit of h(o)?
8
Suppose -3*b + 2*l - 24 = 0, -3*l + 7*l + 8 = -b. Let z(p) = -2*p - 9. What is the units digit of z(b)?
7
Let h = 1 - -4. Suppose -4*y - 23 = h*r, 3*y = -4*r + 6*y - 37. Let p = r + 14. What is the units digit of p?
7
Suppose 33*l = 35*l - 158. What is the tens digit of l?
7
Let k(b) = -b**3 - 7*b**2 - 4*b - 2. Let y be k(-5). Let o = y - -58. What is the tens digit of o?
2
What is the tens digit of (23/(-3))/(14/(-42))?
2
Let w = 19 + -13. Suppose -2*h = -w*h + 36. What is the units digit of h?
9
Suppose -68 = -f - 3*f. What is the tens digit of f?
1
Let l = -42 - -64. What is the tens digit of l?
2
Let o(v) = v**2 + 5*v - 3. Let g be o(-6). Suppose t = g*t - 2. Suppose 3*p - t = -5*d, 5*d - 4*p - 20 = d. What is the units digit of d?
2
Suppose -2*i - i + 6 = 0. Let s(q) = 3*q**2 - 2*q + 2. Let j be s(i). What is the units digit of (-4)/10 + 24/j?
2
Suppose -11 = -5*k + 2*k - 2*p, 13 = k - 4*p. Suppose 3*z = -s - 2*z + 13, -3*z - 9 = -k*s. What is the units digit of s?
3
Let f be (-16)/(-6)*(-225)/(-12). Suppose 3*q + 2*x - 177 = f, -4*x = 2*q - 154. Suppose -5*t + q = -15. What is the tens digit of t?
1
Let s(l) = -2*l**2 + 3*l + 322. What is the hundreds digit of s(0)?
3
Let u(r) = r**2 + 5*r + 4. Let t be u(-5). Let l be t/(-6)*(-45)/2. What is the units digit of 250/l - 4/6?
6
Let w(x) = 7*x + 6. What is the tens digit of w(3)?
2
Let m(d) = -651*d + 1. Let l be m(-1). What is the units digit of l/28 + 2/(-7)?
3
Suppose 3 = -b + 5*f, 8 = 3*b + f + f. Let l be (b + 0 - 12)/(-2). Suppose 0*h - l*h + 30 = 0. What is the units digit of h?
6
Let r(t) = t**3 - t + 2. Let o be (-4)/14 + 8/28. Let u be r(o). Suppose -u*c + 36 = 3*i, 3*i + 3*c - 35 = 4. What is the tens digit of i?
1
Let p(q) = q**3 - 3*q**2 + q + 3. Suppose 3*w - 3*m + 3 = -w, -3*m + 24 = 3*w. What is the units digit of p(w)?
6
What is the units digit of (0 + 2)/((-5)/45*-2)?
9
Let k = 5 + -7. Let z be 8/(k + (-10)/(-4)). Suppose -4*p - 17 = -5*d, 5*d + p - z = 11. What is the units digit of d?
5
Let h(s) = -10*s + 19. What is the hundreds digit of h(-10)?
1
Suppose 3*p + 5*o + 3 = 0, -4*p = -0*p - 4*o + 4. Let k be p - -3*(-2)/3. What is the units digit of 1/(-1) + (-6)/k?
1
Suppose 242 = 4*r + k, 2*k - 1 - 3 = 0. What is the tens digit of r?
6
Let n = -3 + 3. Suppose 4*t = -5*f - 2 + 7, -2*t - 10 = n. What is the units digit of f?
5
Let u be (40/1)/(10/25). Suppose -r = -5*r + u. What is the tens digit of r?
2
Let p(i) = 4*i**2 + 2 + 5 - 5 + 1 + 3*i + i**3. Let v be ((-2)/(-5))/((-2)/10). What is the units digit of p(v)?
5
Let b = 0 - -24. What is the units digit of b?
4
Let h(y) = 57*y**2 + 1. What is the tens digit of h(-1)?
5
Let o = 42 - 2. Suppose 3*g - 3*v + 4*v - 4 = 0, -5*g - 5*v = 10. Suppose 5*q - 70 = -5*m, -o = -g*m - 0*m - 4*q. What is the tens digit of m?
1
Let d = 0 - -3. Suppose d*v + 7 + 11 = 0. Let n(z) = z**3 + 5*z**2 - 5*z + 7. What is the units digit of n(v)?
1
Suppose k = 5*g - 1 - 3, 10 = 5*k + 5*g. Let j be (-4)/(-1) - -1*k. Suppose -2*n - j*a = -17, 10 = -3*n + n + 4*a. What is the units digit of n?
1
Suppose -4*w + 6 = 4*u - u, 7 = -w - 5*u. Suppose w*q = -q + 56. Suppose -q = -3*l + 1. What is the units digit of l?
5
Suppose -3*d + 0*d - 2 = 2*a, 3*d - 3*a = 3. Suppose 2*k - 10 = 0, d = -3*j - 6*k + 2*k + 68. What is the tens digit of j?
1
Let u be (-6)/(-2)*(-8)/(-12). Suppose m = 2*c - 10, -2*c - m = 2*m - 2. Let d = c - u. What is the units digit of d?
2
Suppose -265 = -8*j + 615. What is the units digit of j?
0
What is the tens digit of 2/5 - (-3663)/55?
6
Let t be (-5)/(-20) - 13/4. What is the units digit of (2/6)/((-1)/t)?
1
Let h be (1 + 8)*1/3. Let l be h/1*10/3. Let p = l + -7. What is the units digit of p?
3
Let n(h) be the second derivative of -h**5/20 + h**4/2 - 2*h**3/3 - 2*h**2 - 2*h. Let b be n(5). Let a(l) = l**2 + l - 1. What is the units digit of a(b)?
1
Let k(t) = -t**2 + 9*t - 8. Let l be k(7). Let z(c) = 0*c - 4*c - l*c. What is the tens digit of z(-1)?
1
Suppose 0 = 2*v + 7*m - 2*m - 84, -2*v - 4*m = -80. What is the tens digit of v?
3
Suppose 4*w = j - 6*j + 249, -j + 33 = 5*w. Let r = j - 93. What is the units digit of 32/r*(1 + -6)?
4
Let w = 76 - -40. What is the tens digit of w?
1
Let d be (-4)/(-6)*(-23 - -5). Let z = 23 + d. What is the units digit of z?
1
Suppose 3*d = -l + 7, -d = -2*l - l - 9. Let u be 1 + l*10/(-4). What is the units digit of (-64)/(-6) - (-2)/u?
1
Let r(s) = -4*s - 7. Let o(k) = 20*k + 36. Let m(u) = 3*o(u) + 16*r(u). Let x be m(-3). Suppose 0 - x = -2*g. What is the units digit of g?
4
Let x(v) = v**3 + 15*v**2 - 18*v - 4. Suppose 0 = 4*z - q + 68, -2*z - 8 = 3*q + 12. What is the units digit of x(z)?
8
Let s = -13 + 27. Suppose 0 = -m + 3*m - s. Let z = m + -1. What is the units digit of z?
6
Let o be (-8)/(-5 + (-6)/(-2)). Suppose -o*l + 0*l = -80. What is the tens digit of l?
2
Let x(y) = 4*y**2 - 4*y - 23. What is the tens digit of x(6)?
9
Let c(z) = z + 1. Let r be c(4). Let y be (-2)/r + (-22)/(-5). What is the units digit of 54/y - (-3)/(-6)?
3
Let m = 387 + -274. Suppose m - 35 = 3*t. What is the units digit of t?
6
Let j(c) = -17*c + 10. Let p(t) = 8*t - 5. Let w(q) = -4*j(q) - 9*p(q). What is the units digit of w(-4)?
1
Let y(d) = -d**3 - 2*d**2 - 5*d - 3. Let j = 8 - 11. What is the units digit of y(j)?
1
Let g = -15 - -22. What is the units digit of g?
7
